units digit of m?
7
Let q(s) = s**2 + 8*s + 4. Let a be q(-8). Suppose -3*w = a*o - 34, w - 6*w = 4*o - 46. What is the units digit of w?
6
Let w = -4 + 4. Suppose 5*o - 4*t + 25 = 0, w = 2*o + 3*o - 5*t + 25. Let c = -3 - o. What is the units digit of c?
2
Let d be ((-6)/(-4))/3*2. Let b be -1*(-3 + d) + -6. What is the tens digit of ((-2)/b)/(1/24)?
1
Suppose -74 = 2*k - 5*p, 0 = -5*k - 2*p + p - 212. Let i = k + 59. What is the tens digit of i?
1
Let a(m) = 2 - 4*m - m**2 + 9*m**2 + 0*m**2 - 2*m**2. What is the units digit of a(2)?
8
Let x(j) = -j**3 + j**2 + 2*j. Suppose 2*m + 4 = 3*p - 11, -4*m = -2*p + 18. Suppose 0 = -0*d - p*d - 6. What is the units digit of x(d)?
8
Suppose 2*p - 4*l = -0 - 4, 4*p - 2*l = -14. Let y = p + -4. Let f = 12 + y. What is the units digit of f?
4
Let c be (2/6)/(1/12). What is the units digit of c/(-6) + (-40)/(-15)?
2
Let s = 15 + -7. What is the units digit of s?
8
Let h = 30 - 12. Let c = -27 + h. Let w = 2 - c. What is the units digit of w?
1
Let r = 14 + -3. Suppose -73 + r = -t. Let j = -44 + t. What is the units digit of j?
8
What is the units digit of (-25)/1*10/(-25)?
0
What is the hundreds digit of 1834/8 - (-27)/36?
2
Let d be -1 - (-3)/(-2 + -1). Let p = d - -9. What is the units digit of p?
7
Let h(s) = 21*s**3 - s**2 + 2*s - 1. Suppose -7*r + 2*r = -5. What is the tens digit of h(r)?
2
Let j(u) = 8*u**2 - 5*u - 6. What is the units digit of j(-3)?
1
Let f(b) = -36*b**3 - b**2 + b + 1. Let a be f(-1). Suppose 5*z = -5*m + 3*z + 28, 5*m = -4*z + 26. Suppose l = m*l - a. What is the units digit of l?
7
Let j(s) = 3*s**2 - s - 3. Suppose 2*f - 21 = 5*c, -4*f + 18 = -4*c + 2*c. What is the units digit of j(f)?
1
Let y(f) = f + 1. Let x be y(5). Let j = x - -9. What is the units digit of j?
5
Suppose 0 = -4*f + 2*c - 5*c + 162, 136 = 3*f - 5*c. What is the units digit of f?
2
Let s(i) = -i**2 - 4*i. Let u(p) = -2*p**2 - 6*p. Let b(h) = 7*s(h) - 5*u(h). What is the units digit of b(1)?
5
Suppose 2*v - 86 = t, -5*v + 5*t + 25 = -4*v. Let k = v + -27. What is the units digit of k?
8
Let u(l) = l - 3. Let s(y) = -y**3 + 2*y + 2. Let v be s(-2). What is the units digit of u(v)?
3
Suppose 3*p - 8 - 17 = -5*z, 27 = z + 5*p. What is the units digit of (z + 1)/((-6)/(-14))?
7
Let b = 3 - -4. Suppose -b = u - 28. What is the units digit of u?
1
Let c be 3 + 1*(-9)/(-3). Let a = 11 - c. What is the units digit of a?
5
Suppose o + 5*h + 0*h - 51 = 0, -5*o + h + 125 = 0. Suppose -4*t + 134 = -o. What is the tens digit of t?
4
Suppose -4*o + 2*n - 132 = 0, -5*o - 288 = 4*n - 110. Let u = -12 - o. What is the units digit of u?
2
Let g(k) = 2*k**2 + 2*k. Let y(v) = -8*v**2 - 9*v. Let l(t) = 18*g(t) + 4*y(t). Let d = -2 - -3. What is the units digit of l(d)?
4
Let n be (30/8)/((-7)/(-28)). Suppose 5*b + n = -c + 45, 0 = -2*b + 2*c. What is the units digit of b?
5
Suppose 0 = -2*d + 3 + 35. What is the units digit of d?
9
Suppose m - 2*i - 20 = -0*i, 0 = -4*m - i + 44. What is the units digit of m?
2
Suppose -4*m + 12 + 10 = x, x = -5*m + 27. Suppose 2*y - 33 = 5*p, x*y + p = y - 1. What is the units digit of y?
4
Suppose -2*a = 2*f - 7*a - 48, -3*a + 89 = 5*f. What is the units digit of f?
9
Let x be 11 - ((3 - 1) + -2). Suppose -2*p + 17 + x = 0. Let q = -3 + p. What is the tens digit of q?
1
Suppose 5*a - 6*g - 11 = -5*g, 0 = 5*a + 4*g - 31. Suppose a*s + s = 52. What is the tens digit of s?
1
Let s(w) = 10*w - 3. Let h be s(4). Suppose -5*y + h = -3*n, 2*y + n = -0*y + 6. Suppose 2*f - y = 13. What is the units digit of f?
9
Let j be 7/(-1 - (2 + -4)). Let t = j - 4. Suppose -5*o + t*c + 11 - 1 = 0, -4*c + 35 = 3*o. What is the units digit of o?
5
Let o(f) = f**3 - 8*f**2 + 2*f - 11. Let k be o(8). Suppose -m + k = -5. What is the tens digit of m?
1
What is the tens digit of (-6 - -4) + 15 + -3?
1
Let l(k) = -k**3 + 4*k**2 - 2*k - 1. Let z = -7 - -13. Let h = 8 - z. What is the units digit of l(h)?
3
Let c = 9 - 6. Suppose 0 = h + 5*g - 19, -2 = c*h + 4*g - 48. Suppose -10*y + h*y = 88. What is the tens digit of y?
2
Suppose 3*s - 9 = 0, 0 = -4*r + 2*s + 151 - 33. Let n be 130/7 + (-6)/(-14). Let m = r - n. What is the tens digit of m?
1
Suppose 2*m + c + 6 = 5*m, 4*m = -5*c + 8. Suppose 15 = 3*o, -5*u + 115 = o + m*o. Suppose -7*q + u = -6*q. What is the units digit of q?
0
Suppose -r + 4 = 1. Let z = r - -4. What is the units digit of z?
7
Let y = -8 + 10. Let u(q) = 8 - 3*q + 0*q + 2 + y*q. What is the units digit of u(0)?
0
Let j(d) = d - 14. Let b be j(10). Let f = b + 13. What is the units digit of f?
9
Suppose 2*q - 85 = 3*o + 8, 240 = 5*q - 5*o. Suppose -5*a + r = 14 - q, 0 = r + 2. What is the units digit of a?
7
Let s(g) = g**2 + g + 4. Suppose 6 - 4 = t. Suppose b = t*b. What is the units digit of s(b)?
4
Let r be -4*-1*(29 - -1). Let q = -65 + r. Suppose 7*a = 2*a + q. What is the units digit of a?
1
Let g = 5 + -9. Let r be ((-2)/g)/((-2)/64). What is the units digit of ((-36)/r)/((-6)/(-16))?
6
Suppose -2*q - 3*q = -15. Suppose 3*y + 0 = -q. What is the units digit of 60/9 + y/(-3)?
7
Suppose h - 111 = 7. What is the tens digit of h?
1
Suppose -4 = -0*d - 2*d. Let h(x) = x**2 - 2*x + 3. Let g be h(d). Suppose -8 = 2*l + g*k - 20, -4*k + 8 = 0. What is the units digit of l?
3
What is the tens digit of (164/3 + -2)/(3/9)?
5
Let x(r) = -3*r - 2. Let t be x(-3). Let i = t - 4. Suppose 2*v + 4*n = 30, v - i = -5*n + 27. What is the units digit of v?
5
Suppose 5*q - 4 = 2*d + 27, -2*d - 11 = -q. What is the units digit of 248/32 + d/4?
7
Let m = 26 - 15. What is the tens digit of m?
1
Let k(q) = -5*q**2 - 9. Let y(h) = -7*h**2 - 14. Let m(g) = 8*k(g) - 5*y(g). Let d(w) be the first derivative of m(w). What is the tens digit of d(-1)?
1
Suppose 7*k - 306 = 4*k. Let q be k/9 - 2/(-3). Let c = q - 2. What is the units digit of c?
0
Let m(a) = 2*a**2 - 2*a + 5. Let r be m(5). Suppose -2*h = h - r. What is the tens digit of h?
1
Let z(i) = -5*i + 2*i - 2 + 1 - i. What is the tens digit of z(-3)?
1
Let f(q) = 8*q**2 - q + 5. What is the units digit of f(-6)?
9
Suppose -3*d + 3*n + 45 = 0, -5*d = -5*n + 3*n - 66. What is the units digit of d + (0 - 3) - 3?
6
Let i(y) = -y - 5. Let r be i(-8). Suppose 0 = -b + 2*b + r. What is the tens digit of 2/b*(-198)/12?
1
Let j(b) = -b**3 + b**2 - b - 4. Let k be j(-3). Suppose 3*q + 1 = -k. Let v = -7 - q. What is the units digit of v?
5
Let y(v) = 5*v - 2. What is the tens digit of y(7)?
3
Suppose o = -0*o. Let y = -4 - o. What is the units digit of (0 + -2)/2 - y?
3
Let y = 21 + -1. Let z = y + -12. What is the units digit of z?
8
Suppose -k = -0*k - 5. Let h = k + -1. What is the units digit of h?
4
Suppose -5*p + 160 = -z, 4*z + 64 = -2*p + 4*p. Let v be -7*(36/3)/(-4). Let k = p - v. What is the tens digit of k?
1
Let r(a) = -a**3 + 12*a**2 - 10*a + 3. Let m(g) = -2*g**2 - 14*g - 1. Let s be m(-6). What is the tens digit of r(s)?
1
What is the units digit of (-1)/2 + (-3)/(-6)*163?
1
Suppose -z - 12 = -5*z. Suppose -z*l - 14 = -5*l. What is the units digit of l?
7
Let p(z) be the first derivative of -z**2/2 + 10*z + 2. Let m be p(-8). Let h = m - 9. What is the units digit of h?
9
Suppose 4*s = 31 - 7. Suppose -2*g - g = -s. Suppose 0 = -t + 3*t - g. What is the units digit of t?
1
Let h be -3 - ((4 - 2) + -155). Suppose 3*q = 4*a + h, 2*a = -3*a + 15. What is the tens digit of q?
5
Suppose -3*o = 4*z + 27, 2*o - z = -10 - 19. Let t = o - -22. What is the units digit of (2/(-2))/((-1)/t)?
9
Let p be 0*((-12)/(-4))/9. Suppose p = 5*w - 0*w - 95. What is the units digit of w?
9
Suppose 4*p - 380 = -80. What is the tens digit of p?
7
Let j(m) = -m - 1. Let q be j(-3). Let g(r) = 8 + q*r**2 + r**3 + 5*r**2 + 0*r**3 + 6*r. What is the units digit of g(-6)?
8
Let m(n) = 6 + 5*n - 1 - 2 - 1 + 2*n**2. What is the units digit of m(-3)?
5
Let d = 33 + 85. What is the hundreds digit of d?
1
Let g = -8 - -28. Suppose 13 = 3*t - g. What is the units digit of t?
1
Let o = 131 + -89. What is the tens digit of o?
4
Let b = 157 + -37. Suppose 2*v - 5*k = 78, 4*v - b = -0*v + k. What is the units digit of v?
9
Suppose 5*w - 376 = 79. What is the units digit of w?
1
Suppose 0*o - 260 = 5*o. What is the units digit of o/(-9) - 10/(-45)?
6
Let k(m) be the second derivative of -2*m + 0 